{"id":13192,"date":"2024-08-17T09:01:43","date_gmt":"2024-08-17T09:01:43","guid":{"rendered":"https:\/\/muuseum.tartu.ee\/?post_type=exhibition&#038;p=13192"},"modified":"2024-11-15T14:55:09","modified_gmt":"2024-11-15T14:55:09","slug":"saatuseaasta-1944","status":"archive","type":"exhibition","link":"https:\/\/muuseum.tartu.ee\/en\/exhibition\/saatuseaasta-1944\/","title":{"rendered":"Saatuseaasta 1944"},"content":{"rendered":"\n<p>T\u00e4navu m\u00f6\u00f6dub 80 aastat saatuslikust 1944. aasta s\u00fcgisest, mil Eestimaa langes aastak\u00fcmneteks N\u00f5ukogude okupatsiooni alla. Teise maailmas\u00f5ja \u00a0k\u00e4igus lahkus kodumaalt ligi 80 000 eestimaalast. P\u00f5genemine kulmineerus uute N\u00f5ukogude repressioonide hirmus 1944. aasta s\u00fcgisel. <a href=\"https:\/\/mnemosyne.ee\">Eesti M\u00e4lu Instituut<\/a> korraldab koost\u00f6\u00f6s Rannarahva Muuseumi, Virumaa Muuseumi, Tartu Linnamuuseumi, Hiiumaa Muinsuskaitse Seltsi, Saaremaa Muuseumiga kaheksas Eestimaa paigas v\u00e4lin\u00e4itused pealkirjaga \u201cSaatuseaasta 1944\u201d, mis \u00fchelt poolt annavad Eesti s\u00f5jap\u00f5genike andmebaasile tuginedes esmase statistilise \u00fclevaate p\u00f5genikest ning teisalt tutvustavad kohalikke olusid ja lugusid.<\/p>\n\n\n\n<p><strong>Tartu satelliitn\u00e4itus, mille Tartu kohta k\u00e4iva osa koostas <a href=\"https:\/\/muuseum.tartu.ee\/kgb-kongide-muuseum\/\">KGB kongide muuseum<\/a>i kuraator Martin Jaigma, on eksponeeritud raudteejaama esisel platsil alates 29. augustist.<\/strong><\/p>\n\n\n\n<p>\u201cTeine maailmas\u00f5da h\u00e4vitas Eesti riigi ja pillutas laiali meie rahva. Eestist lahkus p\u00f5genikena ligi seitse protsenti meie inimestest. Nii nagu igal p\u00f5genikul on oma p\u00f5genemise lugu, on ka igal paigal lugu, mida p\u00fc\u00fcame n\u00e4ituste kaudu jutustada. Kaheksas erinevas Eestimaa paigas saab lugeda ja vaadata traagilisi lugusid, kuidas N\u00f5ukogude terrori hirmus lahkusid kodumaalt terved pered ja kogukonnad,\u201d s\u00f5nab Eesti M\u00e4lu Instituudi juhatuse liige ja n\u00e4ituse kuraator Meelis Maripuu, kelle eestvedamisel on alates 2022. aastast instituut kogunud p\u00f5genike andmeid.<\/p>\n\n\n\n<p>N\u00e4ituse \u00fcldinfo on koostanud Eesti M\u00e4lu Instituudi ajaloolased Meelis Maripuu, \u00dclle Kraft, Aivar Niglas.<\/p>\n\n\n\n<p>N\u00e4ituse t\u00f5lke teostas Peeter Tammisto, korrektuuri Signe Siim ning kujundasid Anni Vakkum ja Franka Vakkum.<\/p>\n\n\n\n<figure class=\"wp-block-image size-large\"><img loading=\"lazy\" decoding=\"async\" width=\"1920\" height=\"2715\" src=\"https:\/\/muuseum.tartu.ee\/wp-content\/uploads\/2024\/08\/Naitus_web-1920x2715.jpg\" alt=\"\" class=\"wp-image-13194\" srcset=\"https:\/\/muuseum.tartu.ee\/wp-content\/uploads\/2024\/08\/Naitus_web-1920x2715.jpg 1920w, https:\/\/muuseum.tartu.ee\/wp-content\/uploads\/2024\/08\/Naitus_web-768x1086.jpg 768w, https:\/\/muuseum.tartu.ee\/wp-content\/uploads\/2024\/08\/Naitus_web-1086x1536.jpg 1086w, https:\/\/muuseum.tartu.ee\/wp-content\/uploads\/2024\/08\/Naitus_web-1448x2048.jpg 1448w, https:\/\/muuseum.tartu.ee\/wp-content\/uploads\/2024\/08\/Naitus_web-512x724.jpg 512w, https:\/\/muuseum.tartu.ee\/wp-content\/uploads\/2024\/08\/Naitus_web-scaled.jpg 1810w\" sizes=\"auto, (max-width: 1920px) 100vw, 1920px\" \/><\/figure>\n","protected":false},"featured_media":13193,"template":"","meta":{"_acf_changed":false,"ngg_post_thumbnail":0},"categories":[23],"class_list":["post-13192","exhibition","type-exhibition","status-archive","has-post-thumbnail","hentry","category-kgb-kongide-muuseum"],"acf":[],"yoast_head":"<!-- This site is optimized with the Yoast SEO plugin v27.1.1 - https:\/\/yoast.com\/product\/yoast-seo-wordpress\/ -->\n<title>Saatuseaasta 1944 - Tartu Linnamuuseum<\/title>\n<meta name=\"robots\" content=\"index, follow, max-snippet:-1, max-image-preview:large, max-video-preview:-1\" \/>\n<link rel=\"canonical\" href=\"https:\/\/muuseum.tartu.ee\/exhibition\/saatuseaasta-1944\/\" \/>\n<meta property=\"og:locale\" content=\"en_US\" \/>\n<meta property=\"og:type\" content=\"article\" \/>\n<meta property=\"og:title\" content=\"Saatuseaasta 1944 - Tartu Linnamuuseum\" \/>\n<meta property=\"og:description\" content=\"T\u00e4navu m\u00f6\u00f6dub 80 aastat saatuslikust 1944. aasta s\u00fcgisest, mil Eestimaa langes aastak\u00fcmneteks N\u00f5ukogude okupatsiooni alla. Teise maailmas\u00f5ja \u00a0k\u00e4igus lahkus kodumaalt ligi 80 000 eestimaalast. P\u00f5genemine kulmineerus uute N\u00f5ukogude repressioonide hirmus 1944. aasta s\u00fcgisel. Eesti M\u00e4lu Instituut korraldab koost\u00f6\u00f6s Rannarahva Muuseumi, Virumaa Muuseumi, Tartu Linnamuuseumi, Hiiumaa Muinsuskaitse Seltsi, Saaremaa Muuseumiga kaheksas Eestimaa paigas v\u00e4lin\u00e4itused pealkirjaga \u201cSaatuseaasta...\" \/>\n<meta property=\"og:url\" content=\"https:\/\/muuseum.tartu.ee\/exhibition\/saatuseaasta-1944\/\" \/>\n<meta property=\"og:site_name\" content=\"Tartu Linnamuuseum\" \/>\n<meta property=\"article:modified_time\" content=\"2024-11-15T14:55:09+00:00\" \/>\n<meta property=\"og:image\" content=\"https:\/\/muuseum.tartu.ee\/wp-content\/uploads\/2024\/08\/Naitus_web-copy.jpg\" \/>\n\t<meta property=\"og:image:width\" content=\"1984\" \/>\n\t<meta property=\"og:image:height\" content=\"1152\" \/>\n\t<meta property=\"og:image:type\" content=\"image\/jpeg\" \/>\n<meta name=\"twitter:card\" content=\"summary_large_image\" \/>\n<meta name=\"twitter:label1\" content=\"Est. reading time\" \/>\n\t<meta name=\"twitter:data1\" content=\"1 minute\" \/>\n<script type=\"application\/ld+json\" class=\"yoast-schema-graph\">{\"@context\":\"https:\/\/schema.org\",\"@graph\":[{\"@type\":\"WebPage\",\"@id\":\"https:\/\/muuseum.tartu.ee\/exhibition\/saatuseaasta-1944\/\",\"url\":\"https:\/\/muuseum.tartu.ee\/exhibition\/saatuseaasta-1944\/\",\"name\":\"Saatuseaasta 1944 - Tartu Linnamuuseum\",\"isPartOf\":{\"@id\":\"https:\/\/muuseum.tartu.ee\/#website\"},\"primaryImageOfPage\":{\"@id\":\"https:\/\/muuseum.tartu.ee\/exhibition\/saatuseaasta-1944\/#primaryimage\"},\"image\":{\"@id\":\"https:\/\/muuseum.tartu.ee\/exhibition\/saatuseaasta-1944\/#primaryimage\"},\"thumbnailUrl\":\"https:\/\/muuseum.tartu.ee\/wp-content\/uploads\/2024\/08\/Naitus_web-copy.jpg\",\"datePublished\":\"2024-08-17T09:01:43+00:00\",\"dateModified\":\"2024-11-15T14:55:09+00:00\",\"breadcrumb\":{\"@id\":\"https:\/\/muuseum.tartu.ee\/exhibition\/saatuseaasta-1944\/#breadcrumb\"},\"inLanguage\":\"en-US\",\"potentialAction\":[{\"@type\":\"ReadAction\",\"target\":[\"https:\/\/muuseum.tartu.ee\/exhibition\/saatuseaasta-1944\/\"]}]},{\"@type\":\"ImageObject\",\"inLanguage\":\"en-US\",\"@id\":\"https:\/\/muuseum.tartu.ee\/exhibition\/saatuseaasta-1944\/#primaryimage\",\"url\":\"https:\/\/muuseum.tartu.ee\/wp-content\/uploads\/2024\/08\/Naitus_web-copy.jpg\",\"contentUrl\":\"https:\/\/muuseum.tartu.ee\/wp-content\/uploads\/2024\/08\/Naitus_web-copy.jpg\",\"width\":1984,\"height\":1152},{\"@type\":\"BreadcrumbList\",\"@id\":\"https:\/\/muuseum.tartu.ee\/exhibition\/saatuseaasta-1944\/#breadcrumb\",\"itemListElement\":[{\"@type\":\"ListItem\",\"position\":1,\"name\":\"Home\",\"item\":\"https:\/\/muuseum.tartu.ee\/en\/the-city-has-a-story-to-tell\/\"},{\"@type\":\"ListItem\",\"position\":2,\"name\":\"Saatuseaasta 1944\"}]},{\"@type\":\"WebSite\",\"@id\":\"https:\/\/muuseum.tartu.ee\/#website\",\"url\":\"https:\/\/muuseum.tartu.ee\/\",\"name\":\"Tartu Linnamuuseum\",\"description\":\"\",\"potentialAction\":[{\"@type\":\"SearchAction\",\"target\":{\"@type\":\"EntryPoint\",\"urlTemplate\":\"https:\/\/muuseum.tartu.ee\/?s={search_term_string}\"},\"query-input\":{\"@type\":\"PropertyValueSpecification\",\"valueRequired\":true,\"valueName\":\"search_term_string\"}}],\"inLanguage\":\"en-US\"}]}<\/script>\n<!-- \/ Yoast SEO plugin. -->","yoast_head_json":{"title":"Saatuseaasta 1944 - Tartu Linnamuuseum","robots":{"index":"index","follow":"follow","max-snippet":"max-snippet:-1","max-image-preview":"max-image-preview:large","max-video-preview":"max-video-preview:-1"},"canonical":"https:\/\/muuseum.tartu.ee\/exhibition\/saatuseaasta-1944\/","og_locale":"en_US","og_type":"article","og_title":"Saatuseaasta 1944 - Tartu Linnamuuseum","og_description":"T\u00e4navu m\u00f6\u00f6dub 80 aastat saatuslikust 1944. aasta s\u00fcgisest, mil Eestimaa langes aastak\u00fcmneteks N\u00f5ukogude okupatsiooni alla. Teise maailmas\u00f5ja \u00a0k\u00e4igus lahkus kodumaalt ligi 80 000 eestimaalast. P\u00f5genemine kulmineerus uute N\u00f5ukogude repressioonide hirmus 1944. aasta s\u00fcgisel. Eesti M\u00e4lu Instituut korraldab koost\u00f6\u00f6s Rannarahva Muuseumi, Virumaa Muuseumi, Tartu Linnamuuseumi, Hiiumaa Muinsuskaitse Seltsi, Saaremaa Muuseumiga kaheksas Eestimaa paigas v\u00e4lin\u00e4itused pealkirjaga \u201cSaatuseaasta...","og_url":"https:\/\/muuseum.tartu.ee\/exhibition\/saatuseaasta-1944\/","og_site_name":"Tartu Linnamuuseum","article_modified_time":"2024-11-15T14:55:09+00:00","og_image":[{"width":1984,"height":1152,"url":"https:\/\/muuseum.tartu.ee\/wp-content\/uploads\/2024\/08\/Naitus_web-copy.jpg","type":"image\/jpeg"}],"twitter_card":"summary_large_image","twitter_misc":{"Est. reading time":"1 minute"},"schema":{"@context":"https:\/\/schema.org","@graph":[{"@type":"WebPage","@id":"https:\/\/muuseum.tartu.ee\/exhibition\/saatuseaasta-1944\/","url":"https:\/\/muuseum.tartu.ee\/exhibition\/saatuseaasta-1944\/","name":"Saatuseaasta 1944 - Tartu Linnamuuseum","isPartOf":{"@id":"https:\/\/muuseum.tartu.ee\/#website"},"primaryImageOfPage":{"@id":"https:\/\/muuseum.tartu.ee\/exhibition\/saatuseaasta-1944\/#primaryimage"},"image":{"@id":"https:\/\/muuseum.tartu.ee\/exhibition\/saatuseaasta-1944\/#primaryimage"},"thumbnailUrl":"https:\/\/muuseum.tartu.ee\/wp-content\/uploads\/2024\/08\/Naitus_web-copy.jpg","datePublished":"2024-08-17T09:01:43+00:00","dateModified":"2024-11-15T14:55:09+00:00","breadcrumb":{"@id":"https:\/\/muuseum.tartu.ee\/exhibition\/saatuseaasta-1944\/#breadcrumb"},"inLanguage":"en-US","potentialAction":[{"@type":"ReadAction","target":["https:\/\/muuseum.tartu.ee\/exhibition\/saatuseaasta-1944\/"]}]},{"@type":"ImageObject","inLanguage":"en-US","@id":"https:\/\/muuseum.tartu.ee\/exhibition\/saatuseaasta-1944\/#primaryimage","url":"https:\/\/muuseum.tartu.ee\/wp-content\/uploads\/2024\/08\/Naitus_web-copy.jpg","contentUrl":"https:\/\/muuseum.tartu.ee\/wp-content\/uploads\/2024\/08\/Naitus_web-copy.jpg","width":1984,"height":1152},{"@type":"BreadcrumbList","@id":"https:\/\/muuseum.tartu.ee\/exhibition\/saatuseaasta-1944\/#breadcrumb","itemListElement":[{"@type":"ListItem","position":1,"name":"Home","item":"https:\/\/muuseum.tartu.ee\/en\/the-city-has-a-story-to-tell\/"},{"@type":"ListItem","position":2,"name":"Saatuseaasta 1944"}]},{"@type":"WebSite","@id":"https:\/\/muuseum.tartu.ee\/#website","url":"https:\/\/muuseum.tartu.ee\/","name":"Tartu Linnamuuseum","description":"","potentialAction":[{"@type":"SearchAction","target":{"@type":"EntryPoint","urlTemplate":"https:\/\/muuseum.tartu.ee\/?s={search_term_string}"},"query-input":{"@type":"PropertyValueSpecification","valueRequired":true,"valueName":"search_term_string"}}],"inLanguage":"en-US"}]}},"_links":{"self":[{"href":"https:\/\/muuseum.tartu.ee\/en\/wp-json\/wp\/v2\/exhibition\/13192","targetHints":{"allow":["GET"]}}],"collection":[{"href":"https:\/\/muuseum.tartu.ee\/en\/wp-json\/wp\/v2\/exhibition"}],"about":[{"href":"https:\/\/muuseum.tartu.ee\/en\/wp-json\/wp\/v2\/types\/exhibition"}],"wp:featuredmedia":[{"embeddable":true,"href":"https:\/\/muuseum.tartu.ee\/en\/wp-json\/wp\/v2\/media\/13193"}],"wp:attachment":[{"href":"https:\/\/muuseum.tartu.ee\/en\/wp-json\/wp\/v2\/media?parent=13192"}],"wp:term":[{"taxonomy":"category","embeddable":true,"href":"https:\/\/muuseum.tartu.ee\/en\/wp-json\/wp\/v2\/categories?post=13192"}],"curies":[{"name":"wp","href":"https:\/\/api.w.org\/{rel}","templated":true}]}}

<p>Tänavu möödub 80 aastat saatuslikust 1944. aasta sügisest, mil Eestimaa langes aastakümneteks Nõukogude okupatsiooni alla. Teise maailmasõja  käigus lahkus kodumaalt ligi 80 000 eestimaalast. Põgenemine kulmineerus uute Nõukogude repressioonide hirmus 1944. aasta sügisel. <a href="https://mnemosyne.ee">Eesti Mälu Instituut</a> korraldab koostöös Rannarahva Muuseumi, Virumaa Muuseumi, Tartu Linnamuuseumi, Hiiumaa Muinsuskaitse Seltsi, Saaremaa Muuseumiga kaheksas Eestimaa paigas välinäitused pealkirjaga “Saatuseaasta 1944”, mis ühelt poolt annavad Eesti sõjapõgenike andmebaasile tuginedes esmase statistilise ülevaate põgenikest ning teisalt tutvustavad kohalikke olusid ja lugusid.</p>



<p><strong>Tartu satelliitnäitus, mille Tartu kohta käiva osa koostas <a href="https://muuseum.tartu.ee/kgb-kongide-muuseum/">KGB kongide muuseum</a>i kuraator Martin Jaigma, on eksponeeritud raudteejaama esisel platsil alates 29. augustist.</strong></p>



<p>“Teine maailmasõda hävitas Eesti riigi ja pillutas laiali meie rahva. Eestist lahkus põgenikena ligi seitse protsenti meie inimestest. Nii nagu igal põgenikul on oma põgenemise lugu, on ka igal paigal lugu, mida püüame näituste kaudu jutustada. Kaheksas erinevas Eestimaa paigas saab lugeda ja vaadata traagilisi lugusid, kuidas Nõukogude terrori hirmus lahkusid kodumaalt terved pered ja kogukonnad,” sõnab Eesti Mälu Instituudi juhatuse liige ja näituse kuraator Meelis Maripuu, kelle eestvedamisel on alates 2022. aastast instituut kogunud põgenike andmeid.</p>



<p>Näituse üldinfo on koostanud Eesti Mälu Instituudi ajaloolased Meelis Maripuu, Ülle Kraft, Aivar Niglas.</p>



<p>Näituse tõlke teostas Peeter Tammisto, korrektuuri Signe Siim ning kujundasid Anni Vakkum ja Franka Vakkum.</p>



<figure class="wp-block-image size-large"><img loading="lazy" decoding="async" width="1920" height="2715" src="https://muuseum.tartu.ee/wp-content/uploads/2024/08/Naitus_web-1920x2715.jpg" alt="" class="wp-image-13194" srcset="https://muuseum.tartu.ee/wp-content/uploads/2024/08/Naitus_web-1920x2715.jpg 1920w, https://muuseum.tartu.ee/wp-content/uploads/2024/08/Naitus_web-768x1086.jpg 768w, https://muuseum.tartu.ee/wp-content/uploads/2024/08/Naitus_web-1086x1536.jpg 1086w, https://muuseum.tartu.ee/wp-content/uploads/2024/08/Naitus_web-1448x2048.jpg 1448w, https://muuseum.tartu.ee/wp-content/uploads/2024/08/Naitus_web-512x724.jpg 512w, https://muuseum.tartu.ee/wp-content/uploads/2024/08/Naitus_web-scaled.jpg 1810w" sizes="auto, (max-width: 1920px) 100vw, 1920px" /></figure>

<!-- This site is optimized with the Yoast SEO plugin v27.1.1 - https://yoast.com/product/yoast-seo-wordpress/ -->
<title>Saatuseaasta 1944 - Tartu Linnamuuseum</title>
<meta name="robots" content="index, follow, max-snippet:-1, max-image-preview:large, max-video-preview:-1" />
<link rel="canonical" href="https://muuseum.tartu.ee/exhibition/saatuseaasta-1944/" />
<meta property="og:locale" content="en_US" />
<meta property="og:type" content="article" />
<meta property="og:title" content="Saatuseaasta 1944 - Tartu Linnamuuseum" />
<meta property="og:description" content="Tänavu möödub 80 aastat saatuslikust 1944. aasta sügisest, mil Eestimaa langes aastakümneteks Nõukogude okupatsiooni alla. Teise maailmasõja  käigus lahkus kodumaalt ligi 80 000 eestimaalast. Põgenemine kulmineerus uute Nõukogude repressioonide hirmus 1944. aasta sügisel. Eesti Mälu Instituut korraldab koostöös Rannarahva Muuseumi, Virumaa Muuseumi, Tartu Linnamuuseumi, Hiiumaa Muinsuskaitse Seltsi, Saaremaa Muuseumiga kaheksas Eestimaa paigas välinäitused pealkirjaga “Saatuseaasta..." />
<meta property="og:url" content="https://muuseum.tartu.ee/exhibition/saatuseaasta-1944/" />
<meta property="og:site_name" content="Tartu Linnamuuseum" />
<meta property="article:modified_time" content="2024-11-15T14:55:09+00:00" />
<meta property="og:image" content="https://muuseum.tartu.ee/wp-content/uploads/2024/08/Naitus_web-copy.jpg" />
	<meta property="og:image:width" content="1984" />
	<meta property="og:image:height" content="1152" />
	<meta property="og:image:type" content="image/jpeg" />
<meta name="twitter:card" content="summary_large_image" />
<meta name="twitter:label1" content="Est. reading time" />
	<meta name="twitter:data1" content="1 minute" />
<script type="application/ld+json" class="yoast-schema-graph">{"@context":"https://schema.org","@graph":[{"@type":"WebPage","@id":"https://muuseum.tartu.ee/exhibition/saatuseaasta-1944/","url":"https://muuseum.tartu.ee/exhibition/saatuseaasta-1944/","name":"Saatuseaasta 1944 - Tartu Linnamuuseum","isPartOf":{"@id":"https://muuseum.tartu.ee/#website"},"primaryImageOfPage":{"@id":"https://muuseum.tartu.ee/exhibition/saatuseaasta-1944/#primaryimage"},"image":{"@id":"https://muuseum.tartu.ee/exhibition/saatuseaasta-1944/#primaryimage"},"thumbnailUrl":"https://muuseum.tartu.ee/wp-content/uploads/2024/08/Naitus_web-copy.jpg","datePublished":"2024-08-17T09:01:43+00:00","dateModified":"2024-11-15T14:55:09+00:00","breadcrumb":{"@id":"https://muuseum.tartu.ee/exhibition/saatuseaasta-1944/#breadcrumb"},"inLanguage":"en-US","potentialAction":[{"@type":"ReadAction","target":["https://muuseum.tartu.ee/exhibition/saatuseaasta-1944/"]}]},{"@type":"ImageObject","inLanguage":"en-US","@id":"https://muuseum.tartu.ee/exhibition/saatuseaasta-1944/#primaryimage","url":"https://muuseum.tartu.ee/wp-content/uploads/2024/08/Naitus_web-copy.jpg","contentUrl":"https://muuseum.tartu.ee/wp-content/uploads/2024/08/Naitus_web-copy.jpg","width":1984,"height":1152},{"@type":"BreadcrumbList","@id":"https://muuseum.tartu.ee/exhibition/saatuseaasta-1944/#breadcrumb","itemListElement":[{"@type":"ListItem","position":1,"name":"Home","item":"https://muuseum.tartu.ee/en/the-city-has-a-story-to-tell/"},{"@type":"ListItem","position":2,"name":"Saatuseaasta 1944"}]},{"@type":"WebSite","@id":"https://muuseum.tartu.ee/#website","url":"https://muuseum.tartu.ee/","name":"Tartu Linnamuuseum","description":"","potentialAction":[{"@type":"SearchAction","target":{"@type":"EntryPoint","urlTemplate":"https://muuseum.tartu.ee/?s={search_term_string}"},"query-input":{"@type":"PropertyValueSpecification","valueRequired":true,"valueName":"search_term_string"}}],"inLanguage":"en-US"}]}</script>
<!-- / Yoast SEO plugin. -->

Tänavu möödub 80 aastat saatuslikust 1944. aasta sügisest, mil Eestimaa langes aastakümneteks Nõukogude okupatsiooni alla. Teise maailmasõja  käigus lahkus kodumaalt ligi 80 000 eestimaalast. Põgenemine kulmineerus uute Nõukogude repressioonide hirmus 1944. aasta sügisel. Eesti Mälu Instituut korraldab koostöös Rannarahva Muuseumi, Virumaa Muuseumi, Tartu Linnamuuseumi, Hiiumaa Muinsuskaitse Seltsi, Saaremaa Muuseumiga kaheksas Eestimaa paigas välinäitused pealkirjaga “Saatuseaasta...
